e 5
40
Convert 62819 (base 11) to base 9.
148452
What is 2a3 (base 12) in base 4?
12123
Convert -102365 (base 7) to base 15.
-5392
What is 22201011 (base 3) in base 16?
18cd
What is 2153 (base 6) in base 9?
616
Convert 7775 (base 8) to base 14.
16c5
Convert 10222 (base 7) to base 10.
2515
e947 (base 16) to base 10
59719
What is -203120 (base 4) in base 6?
-14252
What is -219a0 (base 12) in base 5?
-2411431
What is 13013 (base 4) in base 5?
3310
Convert 118aa (base 13) to base 9.
48213
Convert -1456 (base 15) to base 5.
-114411
Convert -145 (base 16) to base 15.
-16a
Convert -740 (base 10) to base 5.
-10430
Convert 13e (base 15) to base 3.
101112
Convert -1400 (base 9) to base 14.
-553
Convert 4daa (base 15) to base 9.
24667
Convert -33244 (base 5) to base 4.
-210110
-277 (base 13) to base 12
-304
Convert 318 (base 11) to base 9.
464
106b6 (base 13) to base 15
8c19
What is 3649 (base 12) in base 5?
143410
What is 130156 (base 8) in base 13?
17734
What is -23452 (base 6) in base 3?
-11200112
Convert -14323 (base 8) to base 9.
-8641
-1fbc (base 16) to base 6
-101340
101111100110000 (base 2) to base 16
5f30
What is 1212131 (base 4) in base 3?
22222212
-1c04 (base 14) to base 5
-130400
What is a848 (base 11) in base 9?
21582
What is 1c2 (base 16) in base 7?
1212
What is -293 (base 16) in base 7?
-1631
What is 1714 (base 8) in base 5?
12342
Convert 2b4d (base 14) to base 12.
4569
Convert 2504 (base 11) to base 14.
1299
25033 (base 10) to base 3
1021100011
Convert -58e (base 16) to base 12.
-9a6
What is -158 (base 11) in base 13?
-112
What is -433223 (base 5) in base 15?
-45c8
680 (base 12) to base 5
12320
What is -73326 (base 8) in base 11?
-20947
What is -6caf (base 16) in base 15?
-839d
-1b84 (base 15) to base 3
-22012021
What is 214 (base 8) in base 13?
aa
-1111010100 (base 2) to base 5
-12410
What is -132301 (base 5) in base 12?
-30ba
Convert -1ab (base 16) to base 9.
-524
What is 32003313 (base 4) in base 2?
1110000011110111
Convert -9a9 (base 16) to base 13.
-1183
Convert 111100100101 (base 2) to base 15.
1237
122021 (base 3) to base 12
32a
7553 (base 10) to base 7
31010
What is -2878 (base 14) in base 4?
-1233322
-1434 (base 9) to base 12
-764
-496 (base 14) to base 3
-1020221
Convert 2099 (base 12) to base 4.
313311
6720 (base 10) to base 12
3a80
24394 (base 10) to base 7
131056
Convert 726b (base 14) to base 11.
13885
100aa (base 11) to base 2
11100110101001
What is -4189 (base 13) in base 4?
-2031232
What is 13141 (base 8) in base 6?
42305
What is -104514 (base 7) in base 3?
-221021210
-6042 (base 10) to base 7
-23421
Convert -110234 (base 6) to base 11.
-6983
What is 12203 (base 5) in base 12?
654
What is 1087 (base 12) in base 4?
130213
Convert 3cd (base 15) to base 11.
71a
2c0 (base 14) to base 10
560
What is 13012 (base 4) in base 3?
121211
What is -31231 (base 6) in base 11?
-3174
What is -44 (base 15) in base 13?
-4c
-241 (base 15) to base 8
-777
78d (base 14) to base 16
5d9
What is 3d8 (base 14) in base 10?
778
-1021112 (base 3) to base 15
-422
Convert 945 (base 10) to base 5.
12240
What is -3341201 (base 5) in base 15?
-126d6
-969 (base 16) to base 13
-1134
What is -14515 (base 13) in base 14?
-dcd6
-52335 (base 6) to base 16
-1b83
1011000111001 (base 2) to base 7
22405
What is 426 (base 9) in base 13?
20a
Convert a822 (base 13) to base 11.
165a8
-738 (base 9) to base 7
-1520
What is -123164 (base 8) in base 16?
-a674
Convert 11321 (base 4) to base 6.
1425
-7545 (base 8) to base 16
-f65
What is 27 (base 8) in base 5?
43
Convert -27b7 (base 14) to base 11.
-5303
Convert 145e (base 16) to base 10.
5214
What is -fcb (base 16) in base 8?
-7713
What is -10000010010100 (base 2) in base 8?
-20224
Convert -1521a (base 11) to base 14.
-7bdd
What is -3303 (base 6) in base 8?
-1367
214020 (base 5) to base 11
5604
Convert 2072 (base 12) to base 3.
11212012
Convert 36279 (base 10) to base 12.
18bb3
Convert -12189 (base 12) to base 9.
-36466
Convert -81 (base 16) to base 11.
-108
Convert 2441 (base 16) to base 7.
36026
What is 1111110111 (base 2) in base 14?
527
1012010111 (base 3) to base 14
8770
622 (base 15) to base 2
10101100110
What is 9c8 (base 15) in base 5?
32323
-231 (base 12) to base 8
-505
654 (base 8) to base 5
3203
1a3 (base 15) to base 14
1d0
What is 181 (base 13) in base 12?
1aa
What is -100010001100110 (base 2) in base 12?
-a172
-60361 (base 7) to base 10
-14596
Convert -456 (base 7) to base 10.
-237
What is -5b9a (base 15) in base 3?
-222202001
1052 (base 9) to base 13
479
-101010000000 (base 2) to base 14
-da0
What is -68 (base 14) in base 13?
-71
What is -1165 (base 7) in base 12?
-307
Convert -15663 (base 13) to base 8.
-117301
What is -140 (base 13) in base 15?
-eb
Convert 30 (base 16) to base 12.
40
-1d52 (base 14) to base 5
-132424
Convert 1018 (base 9) to base 3.
1000122
-24c (base 15) to base 8
-1012
Convert 1310102 (base 4) to base 12.
4382
-5104 (base 7) to base 10
-1768
1aa73 (base 11) to base 7
151152
What is -3077 (base 10) in base 6?
-22125
-11499 (base 10) to base 2
-10110011101011
What is -1000010001 (base 2) in base 6?
-2241
Convert 140 (base 12) to base 5.
1232
-100001011 (base 2) to base 8
-413
What is -2010 (base 4) in base 7?
-246
Convert 761 (base 14) to base 11.
1105
Convert 21202022 (base 3) to base 14.
20b9
15121 (base 10) to base 11
103a7
-1180 (base 9) to base 2
-1101110010
-1041 (base 7) to base 8
-564
What is 13524 (base 6) in base 5?
32030
Convert 25116 (base 13) to base 11.
47347
-343 (base 16) to base 8
-1503
What is 2054 (base 14) in base 13?
26bb
Convert 21011 (base 3) to base 13.
11b
Convert -4231 (base 5) to base 13.
-347
Convert -1e7 (base 15) to base 2.
-110111010
10452 (base 9) to base 3
100111202
What is 2121 (base 5) in base 9?
347
42300 (base 6) to base 2
1011001011100
What is -164 (base 12) in base 13?
-13c
What is 2210 (base 6) in base 5?
4020
3d (base 15) to base 14
42
What is 10010111101011 (base 2) in base 5?
302312
Convert -477 (base 11) to base 7.
-1441
What is 13107 (base 11) in base 4?
10211022
Convert 810 (base 9) to base 8.
1221
What is -1513 (base 10) in base 8?
-2751
What is -3a28 (base 12) in base 11?
-5001
122011 (base 3) to base 4
13033
21201 (base 4) to base 8
1141
Convert -10006 (base 7) to base 13.
-1132
Convert -a50 (base 12) to base 7.
-4242
222 (base 9) to base 16
b6
74 (base 8) to base 4
330
-9e7 (base 15) to base 5
-32432
Convert 239 (base 11) to base 2.
100011100
What is 210302 (base 4) in base 6?
14522
What is -31335 (base 9) in base 12?
-bb7b
1004241 (base 5) to base 8
37504
What is -394 (base 10) in base 8?
-612
230233 (base 4) to base 14
1087
1229 (base 15) to base 3
12022010
Convert 4018 (base 9) to base 3.
11000122
Convert -244512 (base 7) to base 15.
-d449
What is b94 (base 15) in base 8?
5066
Convert ab92 (base 12) to base 9.
28022
1d4 (base 14) to base 2
101111110
What is -822 (base 14) in base 8?
-3076
597 (base 10) to base 5
4342
Convert -2194 (base 11) to base 2.
-101101000110
What is 514 (base 8) in base 14?
19a
Convert -200 (base 3) to base 11.
-17
-552 (base 10) to base 12
-3a0
Convert 4d4 (base 16) to base 2.
10011010100
-a7c (base 16) to base 9
-3612
904 (base 10) to base 14
488
Convert 99 (base 12) to base 5.
432
What is 224002 (base 5) in base 11?
6015
Convert -10403 (base 7) to base 11.
-1a54
-31310 (base 4) to base 15
-3de
What is 6b6 (base 15) in base 4?
113301
Convert 30253 (base 9) to base 13.
9093
Convert 66 (base 11) to base 16.
48
Convert -12313 (base 4) to base 13.
-27a
What is b2 (base 15) in base 9?
205
3101030 (base 4) to base 8
32114
What is -66 (base 11) in base 5?
-242
Convert -673a (base 11) to base 15.
-296b
-89 (base 12) to base 16
-69
What is 6e8 (base 15) in base 8?
3040
Convert -41432 (base 8) to base 11.
-119a7
-41 (base 16) to base 9
-72
Convert a83 (base 16) to base 10.
2691
Convert -2b53b (base 12) to base 2.
-1110111100111111
1925c (base 13) to base 12
24265
1221002 (base 3) to base 6
10302
Convert -155303 (base 7) to base 2.
-111011111010101
25372 (base 8) to base 9
16074
18cc (base 15) to base 4
1103313
Convert -23424 (base 7) to base 8.
-13635
Convert -10aa (base 12) to base 5.
-24413
100101 (base 2) to base 11
34
What is -10002 (base 6) in base 9?
-1702
What is 5505 (base 6) in base 3?
1201212
-3302102 (base 4